t is d(w)?
3
Let z(g) be the second derivative of 1/2*g**3 + 34*g - 1 - 3*g**2. Calculate z(-6).
-24
Let q(j) = 5*j + 1. Let t(f) = -9*f + 25. Let o(x) = -2*q(x) - t(x). Give o(-10).
-17
Let a(h) = 6*h + h**2 + 0 - 3*h + 0. Suppose 16*z - 10 = -42. Let v be a(z). Let o(n) = -12*n - 1. Calculate o(v).
23
Let l(s) = 4*s + 7. Let p = 60 - 52. Let r(b) = 5*b + 5. Let a(z) = 3*z + 3. Let y(m) = p*a(m) - 5*r(m). Let o(d) = -l(d) - 2*y(d). Give o(5).
-15
Let o(t) = 3. Let a(z) = -z + 1. Let s(h) = 2*a(h) - 2*o(h). Let v = 61 + -52. Suppose 4*u + 4*f = -2 + 14, v = 3*u - f. Calculate s(u).
-10
Let q(c) = 15*c**3 - 6*c**3 - 8*c**3 - 11 + 22*c + 7 + 16*c**2 + 7*c**2. Determine q(-22).
-4
Let j(w) = 173125731*w - w**2 - 173125709*w - 5 - 4. What is j(24)?
-57
Let x(s) = 2*s + 16. Let p be x(-5). Suppose -34 = p*q + 2. Let c(n) = -9*n - 9. Let k(y) = 5*y + 4. Let f(a) = -4*c(a) - 7*k(a). Give f(q).
2
Let v = -55 - -63. Suppose -v = 143*x - 144*x. Let l(f) = -2*f + 10. Give l(x).
-6
Suppose -3*y - 4*d + 41 = 0, 0*d - 13 = -y - d. Let q(i) = 9*i - 13. Let m be q(y). Let b = m - 86. Let n(u) = -u**2 + u - 23. Determine n(b).
-23
Let u(k) = -4*k**2 - 9*k + 57. Let l be u(-5). Let b(q) be the third derivative of 0*q**3 + 0*q - 1/12*q**4 - 9*q**l + 0. What is b(1)?
-2
Let k(f) = 2*f**2 + 1. Let x = -83 - -91. Suppose 0*z - x = z - 3*h, -2*z - h = -5. Calculate k(z).
3
Let z = 3 - 1. Let t(h) = 1 - 2*h**2 + h**2 + 7*h**z. Let r(o) = -2*o**3 + 17*o**2 - 6*o - 15. Let f be r(8). Determine t(f).
7
Let x(z) be the second derivative of -7*z**3/6 + 15*z**2/2 + 33*z - 6. Determine x(6).
-27
Let o(b) be the first derivative of b**4/2 + 7*b**3/3 + 5*b**2/2 + 2*b + 9741. Determine o(-3).
-4
Let h be -8*((-2)/6*33 + 8). Let t(s) = s**2 - 23*s - 23. Give t(h).
1
Let c(m) = -m**3 - 9*m**2 - 6*m + 14. Let s(k) be the second derivative of k**5/20 - 2*k**4/3 + 5*k**3/3 + 2*k**2 - 3*k + 34. Let g be s(6). Determine c(g).
-2
Let y(i) = 7*i**3 + 8*i**2 - 6*i - 9. Let k(b) = -2*b**3 + 2. Let j = 468 - 467. Let a(h) = j*y(h) + 4*k(h). Let l = 3 - -4. What is a(l)?
6
Let r(k) = -k**3 + 25*k**2 + 25*k + 25. Let d(n) = -342*n - 1000. Let m be d(-3). Give r(m).
-1
Suppose 22*w = -4*v + 27*w - 3, 0 = 3*v - 3*w + 9. Let x(o) = o**2 + 12*o + 13. What is x(v)?
13
Let j(d) be the second derivative of -d**7/1260 - d**6/72 + d**5/20 + d**4/6 + 3*d**3 + 24*d. Let v(c) be the third derivative of j(c). What is v(-5)?
6
Let y(i) = -4*i - 9. Let j(o) = -4*o - 8. Let t(k) = -2*k**3 + 6*k**2 - k - 2. Let h be t(3). Let r(l) = h*y(l) + 6*j(l). What is r(-5)?
17
Let h(v) be the third derivative of 6 + 1/6*v**3 + 0*v**4 - 1/30*v**5 + 0*v + 1/12*v**6 + 2*v**2. Determine h(1).
9
Let c be (99 - 8)/7 - (-5 + 1). Let t(q) = 5*q**2 + 3*q + q**3 + 7*q + 0*q**3 - 6 - c*q. Give t(-6).
0
Let c(r) = -r**3 + 7*r**2 - 5*r + 36. Suppose -3153*a = -3134*a - 133. Calculate c(a).
1
Let s(i) = i**3 + 6*i**2 - 7. Suppose -2*v + 4*v = -6. Let x(y) = y. Let n(u) = -3*u + 12. Let d(h) = v*x(h) + n(h). Let t be d(3). What is s(t)?
-7
Let d = 1 + -2. Let f be 1/d*0 - 4. Let j(s) be the first derivative of -3*s**2/2 - 2*s + 3637. What is j(f)?
10
Let a(m) = 3*m**2 - 4*m. Let v(s) = s**3 - 5*s**2 + 2*s - 6. Let c be v(5). Suppose -c*h + 28 = 16. Determine a(h).
15
Let h be (-3)/18 + 38/12. Suppose g - 5*n = -h*g + 2, 4*n + 2 = 3*g. Let o(y) = -y - 144*y**2 - 2*y + 2 + 4*y + 142*y**2 + 2*y. What is o(g)?
-12
Suppose -17*p - 6 = -117 + 60. Let d(j) = 3*j**3 - 9*j**2 - j - 3. What is d(p)?
-6
Let z(d) = 4 - 6109*d - 558*d**2 + 6119*d - d**3 + 542*d**2. What is z(-17)?
123
Let u(t) be the second derivative of t**5/20 + 3*t**4/4 + 5*t**3/3 - 25*t**2/2 + 1240*t - 2. Determine u(-7).
3
Let d(p) = -1593 + 25*p - 1462 + 3054. Let k be 18/(-14) - (-4)/14. What is d(k)?
-26
Let c(u) = -7*u - 21 + 11 + 8 + 9*u + 8. Let k be (8/(-28) - (-22)/28)*14. Calculate c(k).
20
Let s(h) = -4*h**3 + 6*h. Let d(a) = 5*a**3 + 1 + 1 - 1 - 6*a**3 - 6*a**3 + 12*a. Let q(m) = 3*d(m) - 5*s(m). Determine q(3).
-6
Let z(k) = k**2 + 16*k + 53. Let n be z(-4). Let p(j) = -14*j**2 + j + 2. Let t = -71 - -60. Let d(h) = -5*h**2 + 1. Let c(l) = t*d(l) + 4*p(l). Determine c(n).
-8
Let k(y) = 3*y + 25. Let d(i) = -74*i + 142*i - 58*i. Let u be d(-1). Let g be k(u). Let w(t) = -t**2 - 5*t + 2. What is w(g)?
2
Let v(y) = -y**3 - 11*y**2 + y + 12. Suppose -7*m = -6*m + 4*j + 233, -5*j + 1115 = -5*m. Let w = m + 214. What is v(w)?
1
Let r(v) = v**3 - v**2 + 2*v + 6. Suppose -5*h - t = 18, 0 = -5*h - 27*t + 30*t - 6. Give r(h).
-36
Let w be ((-4)/(-6))/(3/27). Let b(h) = h**2 + h + w*h - 2*h. Suppose s + 16 = -5*t - 8, -4*t = -4*s. Calculate b(s).
-4
Let o(k) = -5 + 2 + 82*k**2 + k**3 - 86*k**2 + 1. Let i = -8 - -15. Suppose 3 - i = -2*z. What is o(z)?
-10
Let b = 5 + -2. Let o(a) = -852 - 857 + 2*a + 3413 - 859 - 849. Calculate o(b).
2
Let a(m) = -m**2 - m**2 - 42*m**3 + 13*m**2 + 43*m**3 - m + 1 - 8*m**2. Let c(z) = -z. Let r be c(4). Calculate a(r).
-11
Let c be 1/2 + (210/(-12))/(-5). Let t be c - 350/45 - 2/9. Let j(g) = -g**2 - 2*g. What is j(t)?
-8
Let a(r) = -3*r + 6*r + 16 - 10*r - r**2. Let l be a(-9). Let k(h) = h**3 - 2*h**2 + h + 2. Determine k(l).
-16
Let q(m) = 14*m**3 + 16*m**2 + 8*m - 1. Let y(v) = -31*v**3 - 32*v**2 - 15*v + 3. Let h(a) = -11*q(a) - 5*y(a). Give h(17).
64
Suppose -15*r + 2*r = 52. Let a(q) = q**2 - 2*q + 14. Let i(v) = 3*v**2 - 7*v + 41. Let s(c) = r*i(c) + 11*a(c). Determine s(7).
-17
Let i be 2/8 - (-28)/16. Let a(c) = 5 - i*c + c**3 - 2*c**2 - 2*c**3 + 8*c**2 + 0*c**3. Let o = 354 + -348. Determine a(o).
-7
Let i(n) = -2*n**2 + 16*n + 98. Let j be i(12). Let q(z) = z**2 + 3*z + 4. What is q(j)?
14
Let h(m) be the third derivative of -13*m**4/24 - m**3/6 + 49*m**2 + 4. Let d = 4 - 3. Give h(d).
-14
Let s(p) = -p - 6. Let h(r) = -2*r**2 - 29*r + 68. Let x be h(-20). Let f = 144 + x. Calculate s(f).
2
Let o(n) = 4*n**2 - 5*n - 6. Let r(y) = -9*y**2 + 10*y + 11. Suppose -5*p - 22 = -7. Let k(m) = p*r(m) - 7*o(m). Suppose -64*v + 219 + 229 = 0. Determine k(v).
-5
Let h = -45 - -46. Let i(p) be the first derivative of -h + 2 + 5 + p - 7*p**2 + 6*p**2. What is i(-3)?
7
Suppose 3*l + 52 - 43 = 0. Let d(c) = c**2 + c - 6. What is d(l)?
0
Let v(k) = -k**3 + 14*k**2 + 15*k + 1. Let d be ((-15)/(-4))/(10/(-35) + 75/140). Calculate v(d).
1
Let f(x) = x**3 - 8*x**2 + 7*x - 7. Suppose 0 = -c + 8*c - 35. Suppose -4*t + 23 = -c. Determine f(t).
-7
Let s(l) be the third derivative of l**6/120 - 2*l**5/5 - 79*l**4/24 - 9*l**3 + 139*l**2. Let w be s(27). Let t(r) = -6 + 3*r - 2*r - 5. What is t(w)?
-11
Let c(g) = -12*g**2 - 5 - 8 + 140*g**3 + 3 + 28*g - 141*g**3. Give c(-14).
-10
Let b(d) = 2*d - 2. Let y be 4/26 - 22/(-26). Let s be (4 - 63/15)*-25*y. Suppose -s*q - 35 = -5*f - 0*f, -5*f = 3*q - 19. What is b(q)?
-6
Let c(k) = -2*k**3 + k**2 - k + 4. Let d(i) = 5*i**3 - 8*i**2 - 3*i + 17. Let h(l) = -2*c(l) - d(l). Determine h(6).
5
Suppose -2*t = 54 - 48. Let z(g) = -4*g**2 - 25*g - 4. Let m(o) = o**2 + 6*o + 1. Let a(k) = 9*m(k) + 2*z(k). Give a(t).
-2
Suppose 3*q = 2*q + 26. Suppose r - 3*r = 5*c - q, -c + 2*r = -10. Let s be 22/6 - ((-2)/c - -1). Let m(f) = -f**2 + 2*f - 2. What is m(s)?
-5
Let x(p) be the third derivative of p**6/120 + p**5/60 + p**4/6 + p**3/3 - 3*p**2 - 67. Calculate x(-3).
-28
Let c(m) = -5*m**2 + 3*m + 2. Let t = -69 - -59. Let v be (2 - (-2)/t)*30/9. Let j(b) = 9*b**2 - 6*b - 3. Let p(r) = v*j(r) + 11*c(r). Determine p(-3).
4
Let z = -111 + 119. Let r(t) be the second derivative of -t**4/12 + 4*t**3/3 + 26*t. Determine r(z).
0
Let d(n) = 294 + 21*n**2 - n**3 - 117 - 128 - 3*n. Calculate d(21).
-14
Let i(a) = 8*a**3 - 73*a**2 + 70*a + 11. Let r be i(8). Let b(w) = 5*w - 2. What is b(r)?
-27
Let m(u) = 2*u - 1. Let s(n) = 23*n - 13. Let z(i) = -9*m(i) + s(i). What is z(-2)?
-14
Let t(z) = z**3 + 57*z**2 - 18*z + 3. Let q(b) = -12*b**2 + b - 2. Let c(h) = 4*q(h) + t(h). Calculate c(-10).
35
Let i(v) = -3*v**2 - 4*v - 1. Let g = -1042 - -1038. What is i(g)?
-33
Suppose y = -3*d + 1, 10 = 5*d + 3*y + 15. Suppose 0 = -k + u + 3*u - 2, -d*k + 9 = 5*u. Let t be 4/((16/(-12))/k). Let o(r) = -r - 5. What is o(t)?
1
Let a(d) = 2*d**3 + 7*d**2 - 8*d - 8. Let b be (-18)/24*-6*(-16)/18. What is a(b)?
8
Let c(x) = x**3 + 10*x**2 - 14*x -